 are the prime factors of 2075439372?
2, 3, 37, 269, 17377
What are the prime factors of 10426407?
3, 3475469
What are the prime factors of 81423472?
2, 13, 17, 23027
List the prime factors of 5053511281.
7, 13, 6737, 8243
List the prime factors of 69090234.
2, 3, 113, 181, 563
What are the prime factors of 1460777823?
3, 162308647
List the prime factors of 170547078.
2, 3, 13, 19, 115079
List the prime factors of 96177643.
347, 277169
What are the prime factors of 130790504?
2, 13, 79, 15919
List the prime factors of 4492737.
3, 31, 16103
What are the prime factors of 22030401?
3, 29, 131, 1933
What are the prime factors of 444257544?
2, 3, 19, 974249
What are the prime factors of 19696874?
2, 311, 31667
What are the prime factors of 482846035?
5, 7, 13795601
List the prime factors of 595952700.
2, 3, 5, 7, 71, 571
List the prime factors of 556205889.
3, 101, 137, 13399
What are the prime factors of 60461121?
3, 7, 2879101
What are the prime factors of 73061236?
2, 37, 493657
What are the prime factors of 100433478?
2, 3, 16738913
What are the prime factors of 383081588?
2, 2053, 46649
What are the prime factors of 222902697?
3, 74300899
List the prime factors of 34594942.
2, 17297471
What are the prime factors of 2290767929?
12049, 190121
What are the prime factors of 432779165?
5, 7, 13, 283, 3361
List the prime factors of 148641598.
2, 7, 19, 79829
List the prime factors of 183474125.
5, 157, 9349
What are the prime factors of 1210293232?
2, 419, 180533
List the prime factors of 270144213.
3, 79, 1139849
What are the prime factors of 2160940678?
2, 13, 83113103
What are the prime factors of 202311779?
547, 577, 641
What are the prime factors of 127540953?
3, 17, 113, 2459
What are the prime factors of 211005280?
2, 5, 1318783
What are the prime factors of 3645773089?
7, 520824727
List the prime factors of 2695931194.
2, 11, 122542327
What are the prime factors of 527797331?
527797331
What are the prime factors of 89661739?
73, 1228243
List the prime factors of 2054303387.
193, 3049, 3491
List the prime factors of 13833962.
2, 2473, 2797
What are the prime factors of 40419457?
13, 479, 6491
List the prime factors of 668423369.
41, 16303009
What are the prime factors of 597543035?
5, 119508607
What are the prime factors of 353540778?
2, 3, 1193, 49391
What are the prime factors of 47529782?
2, 29, 491, 1669
List the prime factors of 197977289.
43, 4604123
What are the prime factors of 35916363?
3, 7, 23, 3541
What are the prime factors of 148924505?
5, 17, 41, 151, 283
What are the prime factors of 6770762756?
2, 37, 1181, 38737
List the prime factors of 10164289.
71, 143159
What are the prime factors of 5081291397?
3, 7, 13, 59, 8089
What are the prime factors of 46433653?
7, 1579, 4201
List the prime factors of 481647551.
7, 11, 6255163
List the prime factors of 279963535.
5, 29, 1930783
What are the prime factors of 336890176?
2, 7, 751987
What are the prime factors of 241192031?
43, 5609117
What are the prime factors of 158048167?
17, 277, 33563
List the prime factors of 111571124.
2, 7, 59, 67537
List the prime factors of 38280757.
41, 933677
List the prime factors of 394371065.
5, 11, 651853
List the prime factors of 200719071.
3, 7, 563, 5659
List the prime factors of 2652487674.
2, 3, 3391, 130369
What are the prime factors of 201008039?
139, 479, 3019
What are the prime factors of 207914878?
2, 103957439
List the prime factors of 420451702.
2, 11, 1459, 13099
List the prime factors of 190242637.
13, 23, 636263
What are the prime factors of 38651190?
2, 3, 5, 761, 1693
List the prime factors of 4186554862.
2, 7, 331, 903443
What are the prime factors of 140763503?
37, 3804419
List the prime factors of 140455719.
3, 15606191
List the prime factors of 944605149.
3, 89, 3537847
List the prime factors of 32709382.
2, 16354691
What are the prime factors of 42210278?
2, 11, 1918649
List the prime factors of 69043289.
7, 503, 19609
What are the prime factors of 966692123?
127, 941, 8089
What are the prime factors of 330883373?
101, 3276073
What are the prime factors of 24018912?
2, 3, 83399
What are the prime factors of 3387014127?
3, 7, 53762129
List the prime factors of 690499.
127, 5437
What are the prime factors of 82306451?
167, 492853
List the prime factors of 321841594.
2, 29, 5548993
What are the prime factors of 770978197?
11, 70088927
List the prime factors of 1992713.
1992713
List the prime factors of 74492062.
2, 17, 128879
What are the prime factors of 968184467?
31, 2063, 15139
List the prime factors of 3182158651.
7, 17, 409, 65381
List the prime factors of 77468716.
2, 13, 1489783
List the prime factors of 400087338.
2, 3, 7, 107, 127, 701
What are the prime factors of 522817695?
3, 5, 2239, 5189
List the prime factors of 330259851.
3, 36695539
List the prime factors of 512188525.
5, 839, 24419
List the prime factors of 594077184.
2, 3, 128923
What are the prime factors of 75635097?
3, 137, 163, 1129
List the prime factors of 540718384.
2, 3359, 10061
List the prime factors of 563988691.
7, 149, 571, 947
List the prime factors of 8043909.
3, 47, 89, 641
List the prime factors of 833919.
3, 137, 2029
List the prime factors of 18470389.
7, 31, 47, 1811
What are the prime factors of 8563812?
2, 3, 31, 23021
What are the prime factors of 8167061898?
2, 3, 127, 823, 1447
What are the prime factors of 4302959007?
3, 1051, 1364719
List the prime factors of 232652759.
457, 509087
What are the prime factors of 7691309?
1579, 4871
What are the prime factors of 3029249568?
2, 3, 31, 89, 11437
What are the prime factors of 1250862951?
3, 13, 32073409
What are the prime factors of 6596692?
2, 1649173
List the prime factors of 699625898.
2, 349812949
What are the prime factors of 174398835?
3, 5, 13, 17, 52609
What are the prime factors of 4115379253?
10831, 379963
What are the prime factors of 131719233?
3, 43906411
List the prime factors of 17420299.
13, 163, 8221
What are the prime factors of 154989488?
2, 251, 38593
What are the prime factors of 67788351?
3, 31, 229, 1061
What are the prime factors of 229804291?
47, 4889453
List the prime factors of 55610312.
2, 79, 87991
List the prime factors of 541439854.
2, 270719927
List the prime factors of 3680216564.
2, 920054141
List the prime factors of 2191427095.
5, 11, 13, 3064933
List the prime factors of 104041520.
2, 5, 11, 191, 619
List the prime factors of 1122552360.
2, 3, 5, 3118201
List the prime factors of 3876638700.
2, 3, 5, 11, 1174739
What are the prime factors of 2979101107?
601, 1481, 3347
What are the prime factors of 437969154?
2, 3, 7, 59, 3607
What are the prime factors of 128597531?
23, 5591197
What are the prime factors of 170216591?
1087, 156593
List the prime factors of 108998093.
4943, 22051
List the prime factors of 117570616.
2, 41, 358447
What are the prime factors of 25090689?
3, 13, 367, 1753
What are the prime factors of 1249760454?
2, 3, 19, 317, 34583
What are the prime factors of 342510307?
197, 491, 3541
What are the prime factors of 2261245999?
47, 491, 97987
List the prime factors of 25982539.
11, 2362049
List the prime factors of 1528846624.
2, 2213, 21589
List the prime factors of 1444055722.
2, 193, 3741077
What are the prime factors of 839922312?
2, 3, 79, 442997
What are the prime factors of 3035914548?
2, 3, 199, 1271321
List the prime factors of 517705664.
2, 7, 199, 5807
What are the prime factors of 1912070844?
2, 3, 433, 122663
What are the prime factors of 170264718?
2, 3, 13, 41, 17747
What are the prime factors of 43067441?
43067441
What are the prime factors of 168127880?
2, 5, 31, 41, 3307
What are the prime factors of 6741113353?
13, 518547181
What are the prime factors of 74808948?
2, 3, 6234079
What are the prime factors of 351463241?
1931, 182011
List the prime factors of 2079164249.
211, 2539, 3881
What are the prime factors of 108982954?
2, 17, 233, 13757
What are the prime factors of 1785430174?
2, 11, 491, 165287
List the prime factors of 361797494.
2, 607, 298021
What are the prime factors of 258367607?
43, 113, 53173
List the prime factors of 537848404.
2, 6037, 22273
What are the prime factors of 32263008?
2, 3, 17, 53, 373
What are the prime factors of 46796358?
2, 3, 7, 73, 15263
What are the prime factors of 5194725101?